{"id":2,"date":"2007-11-20T15:47:38","date_gmt":"2007-11-20T14:47:38","guid":{"rendered":""},"modified":"2007-11-27T16:28:43","modified_gmt":"2007-11-27T15:28:43","slug":"info","status":"publish","type":"page","link":"https:\/\/iopartecipo.azionecattolica.it\/?page_id=2","title":{"rendered":"Guida al Forum"},"content":{"rendered":"<p>Il Forum Nazionale delle Associazioni Studentesche maggiormente rappresentative, istituito con D.M. n.79 dell.11 luglio 2002 e, di recente, regolamentato attraverso il D.P.R. 301\/05, ha il fine di valorizzare la partecipazione e l&#8217;attivit\u00e0 associativa degli studenti come forma di espressione e di rappresentanza autonoma e complementare a quella istituzionale, nonch\u00e9 di assicurare stabilit\u00e0 al dialogo e al confronto con il mondo studentesco.<\/p>\n<p>Il Forum \u00e8 composto dai rappresentanti di associazioni o di confederazioni di associazioni di alunni frequentanti, nell&#8217;anno in corso, un istituto di istruzione secondaria superiore statale o paritario e si riunisce su richiesta del Ministro o di almeno due associazioni, e comunque almeno una volta ogni due mesi durante l&#8217;anno scolastico.<\/p>\n<p>Il Forum \u00e8 un momento di confronto tra il Ministro e il mondo studentesco e ha il compito di:<\/p>\n<ul class=\"lista\">\n<li class=\"quadroverde\">favorire un confronto fra il Ministero della Pubblica Istruzione e le realt\u00e0 associative degli studenti;<\/li>\n<li class=\"quadroverde\">rappresentare esigenze e formulare proposte alle quali il Ministero si impegna a fornire anche per iscritto adeguate risposte entro 30 giorni;<\/li>\n<li class=\"quadroverde\">esprimere un parere sui provvedimenti proposti dal Ministro;<\/li>\n<li class=\"quadroverde\">essere sede del confronto e della concertazione fra il MPI e le associazioni studentesche relativamente ai provvedimenti pi\u00f9 direttamente rivolti agli studenti.<\/li>\n<\/ul>\n<p>Accanto alla rappresentanza istituzionale il Ministero ha voluto cos\u00ec valorizzare e sostenere l&#8217;attivit\u00e0 associativa degli studenti come forma di espressione e di rappresentanza autonoma e complementare a quella istituzionale, dal livello del singolo istituto fino al livello nazionale.<\/p>\n<p><strong>Il Movimento \u00e8 stato fra le realt\u00e0 studentesche che pi\u00f9 hanno espresso l\u2019esigenza di avere un tavolo nazionale di confronto tra il Ministero e le associazioni studentesche. Da allora il MSAC si \u00e8 impegnato e ha portato, con la sua costante presenza, un contributo proficuo per il dialogo e il confronto fra le associazioni avendo sempre a mente il miglioramento del sistema di istruzione scolastica.<\/strong><\/p>\n<p><strong>Il Forum \u00e8 un luogo di dialogo, dove le associazioni partecipanti possono condividere idee, proposte e osservazioni. In questo contesto, il MSAC intesse costruttive relazioni con le altre realt\u00e0 associative studentesche, promuovendo in ogni occasione un confronto serio, educato e schietto, nel rispetto delle differenze di opinione e nella volont\u00e0 di collaborare all\u2019edificazione di una scuola attenta alle esigenze di chi la popola.<\/strong><strong>La partecipazione significativa al Forum e la ricerca di rapporti continuativi e sinceri con le altre associazioni devono testimoniare l\u2019impegno per il bene comune ispirato dal nostro essere cristiani.<\/strong><strong><strong>Per maggiori informazioni sul forum e sul suo funzionamento:<\/strong><\/strong><\/p>\n<p><strong><strong><a href=\"http:\/\/www.azionecattolica.it\/net\/iopartecipo\/wp-content\/uploads\/2007\/11\/dpr567_1996.pdf\" title=\"DPR 567\">DPR 567<\/a><\/strong><\/strong><strong> <\/strong><\/p>\n<p><strong><strong><a href=\"http:\/\/www.azionecattolica.it\/net\/iopartecipo\/wp-content\/uploads\/2007\/11\/circ_esplicativa_modifiche_5672.doc\" title=\"Circolare Esplicativa Modifiche Decreto Forum\">Circolare Esplicativa Modifiche Decreto Forum<\/a><\/strong><\/strong><\/p>\n","protected":false},"excerpt":{"rendered":"<p>Il Forum Nazionale delle Associazioni Studentesche maggiormente rappresentative, istituito con D.M. n.79 dell.11 luglio 2002 e, di recente, regolamentato attraverso il D.P.R. 301\/05, ha il fine di valorizzare la partecipazione e l&#8217;attivit\u00e0 associativa degli studenti come forma di espressione e di rappresentanza autonoma e complementare a quella istituzionale, nonch\u00e9 di assicurare stabilit\u00e0 al dialogo e [&hellip;]<\/p>\n","protected":false},"author":1,"featured_media":0,"parent":0,"menu_order":6,"comment_status":"open","ping_status":"open","template":"","meta":[],"_links":{"self":[{"href":"https:\/\/iopartecipo.azionecattolica.it\/index.php?rest_route=\/wp\/v2\/pages\/2"}],"collection":[{"href":"https:\/\/iopartecipo.azionecattolica.it\/index.php?rest_route=\/wp\/v2\/pages"}],"about":[{"href":"https:\/\/iopartecipo.azionecattolica.it\/index.php?rest_route=\/wp\/v2\/types\/page"}],"author":[{"embeddable":true,"href":"https:\/\/iopartecipo.azionecattolica.it\/index.php?rest_route=\/wp\/v2\/users\/1"}],"replies":[{"embeddable":true,"href":"https:\/\/iopartecipo.azionecattolica.it\/index.php?rest_route=%2Fwp%2Fv2%2Fcomments&post=2"}],"version-history":[{"count":0,"href":"https:\/\/iopartecipo.azionecattolica.it\/index.php?rest_route=\/wp\/v2\/pages\/2\/revisions"}],"wp:attachment":[{"href":"https:\/\/iopartecipo.azionecattolica.it\/index.php?rest_route=%2Fwp%2Fv2%2Fmedia&parent=2"}],"curies":[{"name":"wp","href":"https:\/\/api.w.org\/{rel}","templated":true}]}}

<p>Il Forum Nazionale delle Associazioni Studentesche maggiormente rappresentative, istituito con D.M. n.79 dell.11 luglio 2002 e, di recente, regolamentato attraverso il D.P.R. 301/05, ha il fine di valorizzare la partecipazione e l&#8217;attività associativa degli studenti come forma di espressione e di rappresentanza autonoma e complementare a quella istituzionale, nonché di assicurare stabilità al dialogo e al confronto con il mondo studentesco.</p>
<p>Il Forum è composto dai rappresentanti di associazioni o di confederazioni di associazioni di alunni frequentanti, nell&#8217;anno in corso, un istituto di istruzione secondaria superiore statale o paritario e si riunisce su richiesta del Ministro o di almeno due associazioni, e comunque almeno una volta ogni due mesi durante l&#8217;anno scolastico.</p>
<p>Il Forum è un momento di confronto tra il Ministro e il mondo studentesco e ha il compito di:</p>
<ul class="lista">
<li class="quadroverde">favorire un confronto fra il Ministero della Pubblica Istruzione e le realtà associative degli studenti;</li>
<li class="quadroverde">rappresentare esigenze e formulare proposte alle quali il Ministero si impegna a fornire anche per iscritto adeguate risposte entro 30 giorni;</li>
<li class="quadroverde">esprimere un parere sui provvedimenti proposti dal Ministro;</li>
<li class="quadroverde">essere sede del confronto e della concertazione fra il MPI e le associazioni studentesche relativamente ai provvedimenti più direttamente rivolti agli studenti.</li>
</ul>
<p>Accanto alla rappresentanza istituzionale il Ministero ha voluto così valorizzare e sostenere l&#8217;attività associativa degli studenti come forma di espressione e di rappresentanza autonoma e complementare a quella istituzionale, dal livello del singolo istituto fino al livello nazionale.</p>
<p><strong>Il Movimento è stato fra le realtà studentesche che più hanno espresso l’esigenza di avere un tavolo nazionale di confronto tra il Ministero e le associazioni studentesche. Da allora il MSAC si è impegnato e ha portato, con la sua costante presenza, un contributo proficuo per il dialogo e il confronto fra le associazioni avendo sempre a mente il miglioramento del sistema di istruzione scolastica.</strong></p>
<p><strong>Il Forum è un luogo di dialogo, dove le associazioni partecipanti possono condividere idee, proposte e osservazioni. In questo contesto, il MSAC intesse costruttive relazioni con le altre realtà associative studentesche, promuovendo in ogni occasione un confronto serio, educato e schietto, nel rispetto delle differenze di opinione e nella volontà di collaborare all’edificazione di una scuola attenta alle esigenze di chi la popola.</strong><strong>La partecipazione significativa al Forum e la ricerca di rapporti continuativi e sinceri con le altre associazioni devono testimoniare l’impegno per il bene comune ispirato dal nostro essere cristiani.</strong><strong><strong>Per maggiori informazioni sul forum e sul suo funzionamento:</strong></strong></p>
<p><strong><strong><a href="http://www.azionecattolica.it/net/iopartecipo/wp-content/uploads/2007/11/dpr567_1996.pdf" title="DPR 567">DPR 567</a></strong></strong><strong> </strong></p>
<p><strong><strong><a href="http://www.azionecattolica.it/net/iopartecipo/wp-content/uploads/2007/11/circ_esplicativa_modifiche_5672.doc" title="Circolare Esplicativa Modifiche Decreto Forum">Circolare Esplicativa Modifiche Decreto Forum</a></strong></strong></p>

<p>Il Forum Nazionale delle Associazioni Studentesche maggiormente rappresentative, istituito con D.M. n.79 dell.11 luglio 2002 e, di recente, regolamentato attraverso il D.P.R. 301/05, ha il fine di valorizzare la partecipazione e l&#8217;attività associativa degli studenti come forma di espressione e di rappresentanza autonoma e complementare a quella istituzionale, nonché di assicurare stabilità al dialogo e [&hellip;]</p>
