{"id":381,"date":"2009-03-21T19:00:42","date_gmt":"2009-03-21T18:00:42","guid":{"rendered":"http:\/\/www.azionecattolica.it\/net\/iopartecipo\/?page_id=381"},"modified":"2009-04-09T12:40:14","modified_gmt":"2009-04-09T11:40:14","slug":"diritto-allo-studio","status":"publish","type":"page","link":"https:\/\/iopartecipo.azionecattolica.it\/?page_id=381","title":{"rendered":"Diritto allo studio"},"content":{"rendered":"<p class=\"MsoNormal\" style=\"text-align: justify; line-height: 150%;\"><span style=\"text-decoration: underline;\"><span style=\"font-size: 10pt; line-height: 150%; font-variant: small-caps; font-family: Verdana;\">Diritto allo studio, diritto degli uguali<\/span><\/span><\/p>\n<p class=\"MsoNormal\" style=\"text-align: justify; line-height: 150%;\"><span style=\"font-size: 10pt; line-height: 150%; font-family: Verdana;\">Altro cantiere della Mo.CA di aprile \u00e8 il &#8220;diritto allo studio&#8221;. Diritto allo studio significa tutto quel complesso di norme e provvedimenti che garantiscono ad ogni cittadino il pieno godimento del diritto all\u2019istruzione, rimuovendo ogni impedimento e difficolt\u00e0, soprattutto di ordine economico, che si frappongono a tale diritto. Non \u00e8 quindi che un postulato di quell\u2019art. 3 della Costituzione Italiana che recita: \u201cTutti i cittadini sono uguali (\u2026) \u00e8 compito della Repubblica rimuovere gli ostacoli\u2026\u201d, quello stesso articolo costituzionale che per i ragazzi della scuola di Barbiana di don Lorenzo Milani si traduceva in \u201c\u00e8 compito della prof. Tal dei tali rimuovere gli ostacoli\u2026\u201d<\/span><\/p>\n<p class=\"MsoNormal\" style=\"text-align: justify; line-height: 150%;\"><span style=\"font-size: 10pt; line-height: 150%; font-family: Verdana;\">La legislazione in materia di diritto allo studio \u00e8 di competenza regionale. Troppe per\u00f2 sono le differenze tra le diverse realt\u00e0 territoriali ed \u00e8 sempre pi\u00f9 urgente una LEGGE-QUADRO NAZIONALE che garantisca dei livelli minimi di prestazione validi su tutto il territorio nazionale. Una speciale commissione tecnica del Forum ASR presso il Ministero, ai cui lavori parteciparono alcune delle associazioni studentesche, tra cui il MSAC, aveva elaborato in precedenza un documento condiviso a riguardo di una concreta proposta di riforma, per un testo unico che riorganizzasse la materia legislativa. Il progetto si \u00e8 arenato nelle vicissitudini del cambio di maggioranza, ma \u00e8 intenzione del ministro Gelmini recuperarlo e dare continuit\u00e0 a quello sforzo legislativo e di cooperazione tra le associazioni presenti al Forum che gi\u00e0 in occasione dell\u2019elaborazione dello Statuto delle Studentesse e degli Studenti hanno dimostrato di saper lavorare insieme. Il MSAC si mette al servizio di questo impegno di ideazione di una legge-quadro e vuole proporre ai msacchini questo argomento in uno dei tre cantieri della Mo.Ca&#8230;<\/span><\/p>\n<p class=\"MsoNormal\" style=\"text-align: justify; line-height: 150%;\">E&#8217; quindi raccomandato ad ogni delegazione msacchina di LEGGERE almeno la scheda sul diritto allo studio della propria regione, per poter essere preparati ai lavori del convegno.<\/p>\n<p class=\"MsoNormal\" style=\"text-align: justify; line-height: 150%;\">Inoltre \u00e8 possibile pensare delle attivit\u00e0 nei circoli diocesani che introducano questo tema&#8230; che ne pensate de &#8220;il gioco dell&#8217;oca del diritto allo studio&#8221;, con lo studente che nella sua giornata, da quando si alza al mattino e carica lo zaino di libri (costosi) sulle spalle e timbra il biglietto del bus, alla sera, quando arriva stanco magari dopo i corsi di recupero, ha da fornteggaire diversi ostaccoli che si oppongono al soddisfacimento del suo diritto allo studio? provare per credere&#8230;<\/p>\n<p class=\"MsoNormal\" style=\"text-align: justify; line-height: 150%;\">\n<p class=\"MsoNormal\" style=\"text-align: justify; line-height: 150%;\">\n<ul>\n<li><a href=\"http:\/\/www.azionecattolica.it\/settori\/MSAC\/sezione\/zaino\/archivio_iniz\/2008_-_2009\/Moca_2009\/materiali_diritto_allo_studio\/introdirittostudio.doc\">SCHEDA INTRODUTTIVA: cos&#8217;\u00e8 il diritto allo studio nella costituzione, nella vita, nella prass quotidiana<\/a><\/li>\n<\/ul>\n<ul>\n<li>LEGGI REGIONALI per il diritto allo studio:\n<ul>\n<li><a href=\"http:\/\/www.azionecattolica.it\/settori\/MSAC\/sezione\/zaino\/archivio_iniz\/2008_-_2009\/Moca_2009\/materiali_diritto_allo_studio\/ABRUZZO.doc\">ABRUZZO<\/a><\/li>\n<li><a href=\"http:\/\/www.azionecattolica.it\/settori\/MSAC\/sezione\/zaino\/archivio_iniz\/2008_-_2009\/Moca_2009\/materiali_diritto_allo_studio\/BASILICATA.doc\">BASILICATA<\/a><\/li>\n<li><a href=\"http:\/\/www.azionecattolica.it\/settori\/MSAC\/sezione\/zaino\/archivio_iniz\/2008_-_2009\/Moca_2009\/materiali_diritto_allo_studio\/CALABRIA.doc\">CALABRIA<\/a><\/li>\n<li><a href=\"http:\/\/www.azionecattolica.it\/settori\/MSAC\/sezione\/zaino\/archivio_iniz\/2008_-_2009\/Moca_2009\/materiali_diritto_allo_studio\/CAMPANIA.doc\">CAMPANIA<\/a><\/li>\n<li><a href=\"http:\/\/www.azionecattolica.it\/settori\/MSAC\/sezione\/zaino\/archivio_iniz\/2008_-_2009\/Moca_2009\/materiali_diritto_allo_studio\/EMILIA_ROMAGNA.doc\">EMILIA ROMAGNA<\/a><\/li>\n<li><a href=\"http:\/\/www.azionecattolica.it\/settori\/MSAC\/sezione\/zaino\/archivio_iniz\/2008_-_2009\/Moca_2009\/materiali_diritto_allo_studio\/FRIULI_VENEZIA_GIULIA.doc\">FRIULI VENEZIA GIULIA<\/a><\/li>\n<li><a href=\"http:\/\/www.azionecattolica.it\/settori\/MSAC\/sezione\/zaino\/archivio_iniz\/2008_-_2009\/Moca_2009\/materiali_diritto_allo_studio\/LAZIO.doc\">LAZIO<\/a><\/li>\n<li><a href=\"http:\/\/www.azionecattolica.it\/settori\/MSAC\/sezione\/zaino\/archivio_iniz\/2008_-_2009\/Moca_2009\/materiali_diritto_allo_studio\/LIGURIA.doc\">LIGURIA<\/a><\/li>\n<li><a href=\"http:\/\/www.azionecattolica.it\/settori\/MSAC\/sezione\/zaino\/archivio_iniz\/2008_-_2009\/Moca_2009\/materiali_diritto_allo_studio\/LOMBARDIA.doc\">LOMBARDIA<\/a><\/li>\n<li><a href=\"http:\/\/www.azionecattolica.it\/settori\/MSAC\/sezione\/zaino\/archivio_iniz\/2008_-_2009\/Moca_2009\/materiali_diritto_allo_studio\/MARCHE.doc\">MARCHE<\/a><\/li>\n<li><a href=\"http:\/\/www.azionecattolica.it\/settori\/MSAC\/sezione\/zaino\/archivio_iniz\/2008_-_2009\/Moca_2009\/materiali_diritto_allo_studio\/MOLISE.doc\">MOLISE<\/a><\/li>\n<li><a href=\"http:\/\/www.azionecattolica.it\/settori\/MSAC\/sezione\/zaino\/archivio_iniz\/2008_-_2009\/Moca_2009\/materiali_diritto_allo_studio\/PIEMONTE.doc\">PIEMONTE<\/a><\/li>\n<li><a href=\"http:\/\/www.azionecattolica.it\/settori\/MSAC\/sezione\/zaino\/archivio_iniz\/2008_-_2009\/Moca_2009\/materiali_diritto_allo_studio\/PUGLIA.doc\">PUGLIA<\/a><\/li>\n<li><a href=\"http:\/\/www.azionecattolica.it\/settori\/MSAC\/sezione\/zaino\/archivio_iniz\/2008_-_2009\/Moca_2009\/materiali_diritto_allo_studio\/SARDEGNA.doc\">SARDEGNA<\/a><\/li>\n<li><a href=\"http:\/\/www.azionecattolica.it\/settori\/MSAC\/sezione\/zaino\/archivio_iniz\/2008_-_2009\/Moca_2009\/materiali_diritto_allo_studio\/SICILIA.doc\">SICILIA<\/a><\/li>\n<li><a href=\"http:\/\/www.azionecattolica.it\/settori\/MSAC\/sezione\/zaino\/archivio_iniz\/2008_-_2009\/Moca_2009\/materiali_diritto_allo_studio\/TOSCANA.doc\">TOSCANA<\/a><\/li>\n<li><a href=\"http:\/\/www.azionecattolica.it\/settori\/MSAC\/sezione\/zaino\/archivio_iniz\/2008_-_2009\/Moca_2009\/materiali_diritto_allo_studio\/TRENTO.doc\">TRENTINO ALTO ADIGE provincia autonoma di Trento<br \/>\n<\/a><\/li>\n<li><a href=\"http:\/\/www.azionecattolica.it\/settori\/MSAC\/sezione\/zaino\/archivio_iniz\/2008_-_2009\/Moca_2009\/materiali_diritto_allo_studio\/UMBRIA.doc\">UMBRIA<\/a><\/li>\n<li><a href=\"http:\/\/www.azionecattolica.it\/settori\/MSAC\/sezione\/zaino\/archivio_iniz\/2008_-_2009\/Moca_2009\/materiali_diritto_allo_studio\/VALLE_D_AOSTA.doc\">VALLE D&#8217;AOSTA<\/a><\/li>\n<li><a href=\"http:\/\/www.azionecattolica.it\/settori\/MSAC\/sezione\/zaino\/archivio_iniz\/2008_-_2009\/Moca_2009\/materiali_diritto_allo_studio\/VENETO.doc\">VENETO<\/a><\/li>\n<\/ul>\n<\/li>\n<\/ul>\n","protected":false},"excerpt":{"rendered":"<p>Diritto allo studio, diritto degli uguali Altro cantiere della Mo.CA di aprile \u00e8 il &#8220;diritto allo studio&#8221;. Diritto allo studio significa tutto quel complesso di norme e provvedimenti che garantiscono ad ogni cittadino il pieno godimento del diritto all\u2019istruzione, rimuovendo ogni impedimento e difficolt\u00e0, soprattutto di ordine economico, che si frappongono a tale diritto. Non [&hellip;]<\/p>\n","protected":false},"author":3,"featured_media":0,"parent":377,"menu_order":0,"comment_status":"open","ping_status":"open","template":"category-10.php","meta":[],"_links":{"self":[{"href":"https:\/\/iopartecipo.azionecattolica.it\/index.php?rest_route=\/wp\/v2\/pages\/381"}],"collection":[{"href":"https:\/\/iopartecipo.azionecattolica.it\/index.php?rest_route=\/wp\/v2\/pages"}],"about":[{"href":"https:\/\/iopartecipo.azionecattolica.it\/index.php?rest_route=\/wp\/v2\/types\/page"}],"author":[{"embeddable":true,"href":"https:\/\/iopartecipo.azionecattolica.it\/index.php?rest_route=\/wp\/v2\/users\/3"}],"replies":[{"embeddable":true,"href":"https:\/\/iopartecipo.azionecattolica.it\/index.php?rest_route=%2Fwp%2Fv2%2Fcomments&post=381"}],"version-history":[{"count":25,"href":"https:\/\/iopartecipo.azionecattolica.it\/index.php?rest_route=\/wp\/v2\/pages\/381\/revisions"}],"predecessor-version":[{"id":454,"href":"https:\/\/iopartecipo.azionecattolica.it\/index.php?rest_route=\/wp\/v2\/pages\/381\/revisions\/454"}],"up":[{"embeddable":true,"href":"https:\/\/iopartecipo.azionecattolica.it\/index.php?rest_route=\/wp\/v2\/pages\/377"}],"wp:attachment":[{"href":"https:\/\/iopartecipo.azionecattolica.it\/index.php?rest_route=%2Fwp%2Fv2%2Fmedia&parent=381"}],"curies":[{"name":"wp","href":"https:\/\/api.w.org\/{rel}","templated":true}]}}

<p class="MsoNormal" style="text-align: justify; line-height: 150%;"><span style="text-decoration: underline;"><span style="font-size: 10pt; line-height: 150%; font-variant: small-caps; font-family: Verdana;">Diritto allo studio, diritto degli uguali</span></span></p>
<p class="MsoNormal" style="text-align: justify; line-height: 150%;"><span style="font-size: 10pt; line-height: 150%; font-family: Verdana;">Altro cantiere della Mo.CA di aprile è il &#8220;diritto allo studio&#8221;. Diritto allo studio significa tutto quel complesso di norme e provvedimenti che garantiscono ad ogni cittadino il pieno godimento del diritto all’istruzione, rimuovendo ogni impedimento e difficoltà, soprattutto di ordine economico, che si frappongono a tale diritto. Non è quindi che un postulato di quell’art. 3 della Costituzione Italiana che recita: “Tutti i cittadini sono uguali (…) è compito della Repubblica rimuovere gli ostacoli…”, quello stesso articolo costituzionale che per i ragazzi della scuola di Barbiana di don Lorenzo Milani si traduceva in “è compito della prof. Tal dei tali rimuovere gli ostacoli…”</span></p>
<p class="MsoNormal" style="text-align: justify; line-height: 150%;"><span style="font-size: 10pt; line-height: 150%; font-family: Verdana;">La legislazione in materia di diritto allo studio è di competenza regionale. Troppe però sono le differenze tra le diverse realtà territoriali ed è sempre più urgente una LEGGE-QUADRO NAZIONALE che garantisca dei livelli minimi di prestazione validi su tutto il territorio nazionale. Una speciale commissione tecnica del Forum ASR presso il Ministero, ai cui lavori parteciparono alcune delle associazioni studentesche, tra cui il MSAC, aveva elaborato in precedenza un documento condiviso a riguardo di una concreta proposta di riforma, per un testo unico che riorganizzasse la materia legislativa. Il progetto si è arenato nelle vicissitudini del cambio di maggioranza, ma è intenzione del ministro Gelmini recuperarlo e dare continuità a quello sforzo legislativo e di cooperazione tra le associazioni presenti al Forum che già in occasione dell’elaborazione dello Statuto delle Studentesse e degli Studenti hanno dimostrato di saper lavorare insieme. Il MSAC si mette al servizio di questo impegno di ideazione di una legge-quadro e vuole proporre ai msacchini questo argomento in uno dei tre cantieri della Mo.Ca&#8230;</span></p>
<p class="MsoNormal" style="text-align: justify; line-height: 150%;">E&#8217; quindi raccomandato ad ogni delegazione msacchina di LEGGERE almeno la scheda sul diritto allo studio della propria regione, per poter essere preparati ai lavori del convegno.</p>
<p class="MsoNormal" style="text-align: justify; line-height: 150%;">Inoltre è possibile pensare delle attività nei circoli diocesani che introducano questo tema&#8230; che ne pensate de &#8220;il gioco dell&#8217;oca del diritto allo studio&#8221;, con lo studente che nella sua giornata, da quando si alza al mattino e carica lo zaino di libri (costosi) sulle spalle e timbra il biglietto del bus, alla sera, quando arriva stanco magari dopo i corsi di recupero, ha da fornteggaire diversi ostaccoli che si oppongono al soddisfacimento del suo diritto allo studio? provare per credere&#8230;</p>
<p class="MsoNormal" style="text-align: justify; line-height: 150%;">
<p class="MsoNormal" style="text-align: justify; line-height: 150%;">
<ul>
<li><a href="http://www.azionecattolica.it/settori/MSAC/sezione/zaino/archivio_iniz/2008_-_2009/Moca_2009/materiali_diritto_allo_studio/introdirittostudio.doc">SCHEDA INTRODUTTIVA: cos&#8217;è il diritto allo studio nella costituzione, nella vita, nella prass quotidiana</a></li>
</ul>
<ul>
<li>LEGGI REGIONALI per il diritto allo studio:
<ul>
<li><a href="http://www.azionecattolica.it/settori/MSAC/sezione/zaino/archivio_iniz/2008_-_2009/Moca_2009/materiali_diritto_allo_studio/ABRUZZO.doc">ABRUZZO</a></li>
<li><a href="http://www.azionecattolica.it/settori/MSAC/sezione/zaino/archivio_iniz/2008_-_2009/Moca_2009/materiali_diritto_allo_studio/BASILICATA.doc">BASILICATA</a></li>
<li><a href="http://www.azionecattolica.it/settori/MSAC/sezione/zaino/archivio_iniz/2008_-_2009/Moca_2009/materiali_diritto_allo_studio/CALABRIA.doc">CALABRIA</a></li>
<li><a href="http://www.azionecattolica.it/settori/MSAC/sezione/zaino/archivio_iniz/2008_-_2009/Moca_2009/materiali_diritto_allo_studio/CAMPANIA.doc">CAMPANIA</a></li>
<li><a href="http://www.azionecattolica.it/settori/MSAC/sezione/zaino/archivio_iniz/2008_-_2009/Moca_2009/materiali_diritto_allo_studio/EMILIA_ROMAGNA.doc">EMILIA ROMAGNA</a></li>
<li><a href="http://www.azionecattolica.it/settori/MSAC/sezione/zaino/archivio_iniz/2008_-_2009/Moca_2009/materiali_diritto_allo_studio/FRIULI_VENEZIA_GIULIA.doc">FRIULI VENEZIA GIULIA</a></li>
<li><a href="http://www.azionecattolica.it/settori/MSAC/sezione/zaino/archivio_iniz/2008_-_2009/Moca_2009/materiali_diritto_allo_studio/LAZIO.doc">LAZIO</a></li>
<li><a href="http://www.azionecattolica.it/settori/MSAC/sezione/zaino/archivio_iniz/2008_-_2009/Moca_2009/materiali_diritto_allo_studio/LIGURIA.doc">LIGURIA</a></li>
<li><a href="http://www.azionecattolica.it/settori/MSAC/sezione/zaino/archivio_iniz/2008_-_2009/Moca_2009/materiali_diritto_allo_studio/LOMBARDIA.doc">LOMBARDIA</a></li>
<li><a href="http://www.azionecattolica.it/settori/MSAC/sezione/zaino/archivio_iniz/2008_-_2009/Moca_2009/materiali_diritto_allo_studio/MARCHE.doc">MARCHE</a></li>
<li><a href="http://www.azionecattolica.it/settori/MSAC/sezione/zaino/archivio_iniz/2008_-_2009/Moca_2009/materiali_diritto_allo_studio/MOLISE.doc">MOLISE</a></li>
<li><a href="http://www.azionecattolica.it/settori/MSAC/sezione/zaino/archivio_iniz/2008_-_2009/Moca_2009/materiali_diritto_allo_studio/PIEMONTE.doc">PIEMONTE</a></li>
<li><a href="http://www.azionecattolica.it/settori/MSAC/sezione/zaino/archivio_iniz/2008_-_2009/Moca_2009/materiali_diritto_allo_studio/PUGLIA.doc">PUGLIA</a></li>
<li><a href="http://www.azionecattolica.it/settori/MSAC/sezione/zaino/archivio_iniz/2008_-_2009/Moca_2009/materiali_diritto_allo_studio/SARDEGNA.doc">SARDEGNA</a></li>
<li><a href="http://www.azionecattolica.it/settori/MSAC/sezione/zaino/archivio_iniz/2008_-_2009/Moca_2009/materiali_diritto_allo_studio/SICILIA.doc">SICILIA</a></li>
<li><a href="http://www.azionecattolica.it/settori/MSAC/sezione/zaino/archivio_iniz/2008_-_2009/Moca_2009/materiali_diritto_allo_studio/TOSCANA.doc">TOSCANA</a></li>
<li><a href="http://www.azionecattolica.it/settori/MSAC/sezione/zaino/archivio_iniz/2008_-_2009/Moca_2009/materiali_diritto_allo_studio/TRENTO.doc">TRENTINO ALTO ADIGE provincia autonoma di Trento<br />
</a></li>
<li><a href="http://www.azionecattolica.it/settori/MSAC/sezione/zaino/archivio_iniz/2008_-_2009/Moca_2009/materiali_diritto_allo_studio/UMBRIA.doc">UMBRIA</a></li>
<li><a href="http://www.azionecattolica.it/settori/MSAC/sezione/zaino/archivio_iniz/2008_-_2009/Moca_2009/materiali_diritto_allo_studio/VALLE_D_AOSTA.doc">VALLE D&#8217;AOSTA</a></li>
<li><a href="http://www.azionecattolica.it/settori/MSAC/sezione/zaino/archivio_iniz/2008_-_2009/Moca_2009/materiali_diritto_allo_studio/VENETO.doc">VENETO</a></li>
</ul>
</li>
</ul>

<p>Diritto allo studio, diritto degli uguali Altro cantiere della Mo.CA di aprile è il &#8220;diritto allo studio&#8221;. Diritto allo studio significa tutto quel complesso di norme e provvedimenti che garantiscono ad ogni cittadino il pieno godimento del diritto all’istruzione, rimuovendo ogni impedimento e difficoltà, soprattutto di ordine economico, che si frappongono a tale diritto. Non [&hellip;]</p>
