{"id":385,"date":"2009-03-21T19:01:45","date_gmt":"2009-03-21T18:01:45","guid":{"rendered":"http:\/\/www.azionecattolica.it\/net\/iopartecipo\/?page_id=385"},"modified":"2009-04-09T12:39:41","modified_gmt":"2009-04-09T11:39:41","slug":"didattica","status":"publish","type":"page","link":"https:\/\/iopartecipo.azionecattolica.it\/?page_id=385","title":{"rendered":"Didattica"},"content":{"rendered":"<p class=\"MsoNormal\" style=\"text-align: justify; line-height: 150%;\"><span style=\"text-decoration: underline;\"><span style=\"font-size: 10pt; line-height: 150%; font-variant: small-caps; font-family: Verdana;\">Perch\u00e9 ancora una riflessione sui saperi<\/span><\/span><\/p>\n<p style=\"text-align: justify;\"><span style=\"font-size: 10pt; line-height: 150%; font-variant: small-caps; font-family: Verdana;\">I<\/span><span style=\"font-size: 10pt; line-height: 150%; font-family: Verdana;\">l terzo \u201ccantiere\u201d della Mo.CA si occuper\u00e0 di \u201cDIDATTICA\u201d<span style=\"font-variant: small-caps;\">, <\/span>intendendo quest\u2019ultima in senso ampio, dalla formazione e reclutamento degli insegnanti fino alle indicazioni nazionali per una prossima riforma dei saperi. Sono in corso di approvazione presso il Ministero dell\u2019Istruzione i decreti attuativi del Piano programmatico per la scuola previsto dall\u2019art. 64 della legge 133 di questo autunno. Si procede quindi ad un riordino degli indirizzi e del monte orario di ciascun ordinamento di studi, ma riteniamo che questo non equivalga alla sospirata riforma dei saperi che da troppo tempo attendiamo. Il ridimensionamento degli orari e la redistribuzione, con conseguente aumento, degli alunni per classe pu\u00f2 certo influenzare fortemente la qualit\u00e0 della didattica, ma ci\u00f2 a cui \u00e8 sempre pi\u00f9 urgente procedere \u00e8 l\u2019ideazione di \u201cindicazioni nazionali per la scuola secondaria\u201d. In pratica, la definizione dei \u201csaperi\u201d che la scuola italiana \u00e8 chiamata a trasmettere ai propri studenti. <\/span><\/p>\n<p style=\"text-align: justify;\"><span style=\"font-size: 10pt; line-height: 150%; font-family: Verdana;\">Riteniamo che non sia pi\u00f9 possibile procedere all\u2019aggiornamento dei programmi \u201cper addizione\u201d, aggiungendo contenuti e tecniche \u201cinnovativi\u201d al programma, o materie \u201cattuali\u201d a fianco a quelle \u201cclassiche\u201d per fare la scuola moderna. Basti l\u2019esempio della storia, per la quale il carico di elementi da \u201caggiungere\u201d aumenta in modo direttamente proporzionale agli anni che allungano la storia dell\u2019umanit\u00e0 e per la quale troppo spesso non si arriva che nell\u2019ultima infilata di mesi prima dell\u2019esame di stato alla tanto attesa (e fondamentale) storia del novecento. <\/span><\/p>\n<p style=\"text-align: justify;\"><span style=\"font-size: 10pt; line-height: 150%; font-family: Verdana;\">Il fallimento della procedura \u201caddizionale\u201d dimostra che quello che serve \u00e8 una procedura di \u201csintesi\u201d. La scuola non ha da \u201criempire\u201d la testa degli studenti di contenuti e conoscenze il pi\u00f9 possibile aggiornati, ma ha da dare la \u201cchiave\u201d (\u201cil sapere \u00e8 la chiave che apre tutti gli usci\u201d, diceva don Lorenzo Milani) perch\u00e9 il processo di formazione continui anche fuori dalle mura scolastiche, in un processo di formazione continua che insegni ad applicare il sapere alla vita, non in senso strumentale, automatico, utilitaristico, ma come criterio di elaborazione ed interpretazione della realt\u00e0 in cui si \u00e8 immersi.<\/span><\/p>\n<p><a href=\"http:\/\/www.azionecattolica.it\/settori\/MSAC\/sezione\/zaino\/archivio_iniz\/2008_-_2009\/Moca_2009\/materiali_didattica\/intro.rtf\"><br \/>\n<\/a><\/p>\n<ul>\n<li><a href=\"http:\/\/www.azionecattolica.it\/settori\/MSAC\/sezione\/zaino\/archivio_iniz\/2008_-_2009\/Moca_2009\/materiali_didattica\/intro.rtf\">SCHEDA DI INTRODUZIONE AL CANTIERE<\/a><\/li>\n<\/ul>\n<ul>\n<li><a href=\"http:\/\/www.azionecattolica.it\/settori\/MSAC\/sezione\/zaino\/archivio_iniz\/2008_-_2009\/Moca_2009\/materiali_didattica\/italiano_cristina.doc\">PROGRAMMI DI ITALIANO, scuola per scuola, in tutte le scuole superiori<br \/>\n<\/a><\/li>\n<li><a href=\"http:\/\/www.azionecattolica.it\/settori\/MSAC\/sezione\/zaino\/archivio_iniz\/2008_-_2009\/Moca_2009\/materiali_didattica\/STORIA_msac.doc\">PROGRAMMI DI STORIA (scheda provvisoria)<\/a><\/li>\n<li><a href=\"http:\/\/www.azionecattolica.it\/settori\/MSAC\/sezione\/zaino\/archivio_iniz\/2008_-_2009\/Moca_2009\/materiali_didattica\/DIRITTO_ED_ECONOMIA.doc\">PROGRAMMI DI DIRITTO ED ECONOMIA<\/a><\/li>\n<li><a href=\"http:\/\/www.azionecattolica.it\/settori\/MSAC\/sezione\/zaino\/archivio_iniz\/2008_-_2009\/Moca_2009\/materiali_didattica\/lingue_straniere_diletta.rtf\">PROGRAMMI DI LINGUE<\/a><\/li>\n<\/ul>\n<ul>\n<li><a href=\"http:\/\/www.azionecattolica.it\/settori\/MSAC\/sezione\/zaino\/archivio_iniz\/2008_-_2009\/Moca_2009\/materiali_didattica\/IL_SISTEMA_DI_RECLUTAMENTO_DEGLI_INSEGNANTI.doc\">come funziona il reclutamento degli insegnanti e come (forse) funzioner\u00e0<\/a><\/li>\n<\/ul>\n","protected":false},"excerpt":{"rendered":"<p>Perch\u00e9 ancora una riflessione sui saperi Il terzo \u201ccantiere\u201d della Mo.CA si occuper\u00e0 di \u201cDIDATTICA\u201d, intendendo quest\u2019ultima in senso ampio, dalla formazione e reclutamento degli insegnanti fino alle indicazioni nazionali per una prossima riforma dei saperi. Sono in corso di approvazione presso il Ministero dell\u2019Istruzione i decreti attuativi del Piano programmatico per la scuola previsto [&hellip;]<\/p>\n","protected":false},"author":3,"featured_media":0,"parent":377,"menu_order":0,"comment_status":"open","ping_status":"open","template":"category-10.php","meta":[],"_links":{"self":[{"href":"https:\/\/iopartecipo.azionecattolica.it\/index.php?rest_route=\/wp\/v2\/pages\/385"}],"collection":[{"href":"https:\/\/iopartecipo.azionecattolica.it\/index.php?rest_route=\/wp\/v2\/pages"}],"about":[{"href":"https:\/\/iopartecipo.azionecattolica.it\/index.php?rest_route=\/wp\/v2\/types\/page"}],"author":[{"embeddable":true,"href":"https:\/\/iopartecipo.azionecattolica.it\/index.php?rest_route=\/wp\/v2\/users\/3"}],"replies":[{"embeddable":true,"href":"https:\/\/iopartecipo.azionecattolica.it\/index.php?rest_route=%2Fwp%2Fv2%2Fcomments&post=385"}],"version-history":[{"count":9,"href":"https:\/\/iopartecipo.azionecattolica.it\/index.php?rest_route=\/wp\/v2\/pages\/385\/revisions"}],"predecessor-version":[{"id":453,"href":"https:\/\/iopartecipo.azionecattolica.it\/index.php?rest_route=\/wp\/v2\/pages\/385\/revisions\/453"}],"up":[{"embeddable":true,"href":"https:\/\/iopartecipo.azionecattolica.it\/index.php?rest_route=\/wp\/v2\/pages\/377"}],"wp:attachment":[{"href":"https:\/\/iopartecipo.azionecattolica.it\/index.php?rest_route=%2Fwp%2Fv2%2Fmedia&parent=385"}],"curies":[{"name":"wp","href":"https:\/\/api.w.org\/{rel}","templated":true}]}}

<p class="MsoNormal" style="text-align: justify; line-height: 150%;"><span style="text-decoration: underline;"><span style="font-size: 10pt; line-height: 150%; font-variant: small-caps; font-family: Verdana;">Perché ancora una riflessione sui saperi</span></span></p>
<p style="text-align: justify;"><span style="font-size: 10pt; line-height: 150%; font-variant: small-caps; font-family: Verdana;">I</span><span style="font-size: 10pt; line-height: 150%; font-family: Verdana;">l terzo “cantiere” della Mo.CA si occuperà di “DIDATTICA”<span style="font-variant: small-caps;">, </span>intendendo quest’ultima in senso ampio, dalla formazione e reclutamento degli insegnanti fino alle indicazioni nazionali per una prossima riforma dei saperi. Sono in corso di approvazione presso il Ministero dell’Istruzione i decreti attuativi del Piano programmatico per la scuola previsto dall’art. 64 della legge 133 di questo autunno. Si procede quindi ad un riordino degli indirizzi e del monte orario di ciascun ordinamento di studi, ma riteniamo che questo non equivalga alla sospirata riforma dei saperi che da troppo tempo attendiamo. Il ridimensionamento degli orari e la redistribuzione, con conseguente aumento, degli alunni per classe può certo influenzare fortemente la qualità della didattica, ma ciò a cui è sempre più urgente procedere è l’ideazione di “indicazioni nazionali per la scuola secondaria”. In pratica, la definizione dei “saperi” che la scuola italiana è chiamata a trasmettere ai propri studenti. </span></p>
<p style="text-align: justify;"><span style="font-size: 10pt; line-height: 150%; font-family: Verdana;">Riteniamo che non sia più possibile procedere all’aggiornamento dei programmi “per addizione”, aggiungendo contenuti e tecniche “innovativi” al programma, o materie “attuali” a fianco a quelle “classiche” per fare la scuola moderna. Basti l’esempio della storia, per la quale il carico di elementi da “aggiungere” aumenta in modo direttamente proporzionale agli anni che allungano la storia dell’umanità e per la quale troppo spesso non si arriva che nell’ultima infilata di mesi prima dell’esame di stato alla tanto attesa (e fondamentale) storia del novecento. </span></p>
<p style="text-align: justify;"><span style="font-size: 10pt; line-height: 150%; font-family: Verdana;">Il fallimento della procedura “addizionale” dimostra che quello che serve è una procedura di “sintesi”. La scuola non ha da “riempire” la testa degli studenti di contenuti e conoscenze il più possibile aggiornati, ma ha da dare la “chiave” (“il sapere è la chiave che apre tutti gli usci”, diceva don Lorenzo Milani) perché il processo di formazione continui anche fuori dalle mura scolastiche, in un processo di formazione continua che insegni ad applicare il sapere alla vita, non in senso strumentale, automatico, utilitaristico, ma come criterio di elaborazione ed interpretazione della realtà in cui si è immersi.</span></p>
<p><a href="http://www.azionecattolica.it/settori/MSAC/sezione/zaino/archivio_iniz/2008_-_2009/Moca_2009/materiali_didattica/intro.rtf"><br />
</a></p>
<ul>
<li><a href="http://www.azionecattolica.it/settori/MSAC/sezione/zaino/archivio_iniz/2008_-_2009/Moca_2009/materiali_didattica/intro.rtf">SCHEDA DI INTRODUZIONE AL CANTIERE</a></li>
</ul>
<ul>
<li><a href="http://www.azionecattolica.it/settori/MSAC/sezione/zaino/archivio_iniz/2008_-_2009/Moca_2009/materiali_didattica/italiano_cristina.doc">PROGRAMMI DI ITALIANO, scuola per scuola, in tutte le scuole superiori<br />
</a></li>
<li><a href="http://www.azionecattolica.it/settori/MSAC/sezione/zaino/archivio_iniz/2008_-_2009/Moca_2009/materiali_didattica/STORIA_msac.doc">PROGRAMMI DI STORIA (scheda provvisoria)</a></li>
<li><a href="http://www.azionecattolica.it/settori/MSAC/sezione/zaino/archivio_iniz/2008_-_2009/Moca_2009/materiali_didattica/DIRITTO_ED_ECONOMIA.doc">PROGRAMMI DI DIRITTO ED ECONOMIA</a></li>
<li><a href="http://www.azionecattolica.it/settori/MSAC/sezione/zaino/archivio_iniz/2008_-_2009/Moca_2009/materiali_didattica/lingue_straniere_diletta.rtf">PROGRAMMI DI LINGUE</a></li>
</ul>
<ul>
<li><a href="http://www.azionecattolica.it/settori/MSAC/sezione/zaino/archivio_iniz/2008_-_2009/Moca_2009/materiali_didattica/IL_SISTEMA_DI_RECLUTAMENTO_DEGLI_INSEGNANTI.doc">come funziona il reclutamento degli insegnanti e come (forse) funzionerà</a></li>
</ul>

<p>Perché ancora una riflessione sui saperi Il terzo “cantiere” della Mo.CA si occuperà di “DIDATTICA”, intendendo quest’ultima in senso ampio, dalla formazione e reclutamento degli insegnanti fino alle indicazioni nazionali per una prossima riforma dei saperi. Sono in corso di approvazione presso il Ministero dell’Istruzione i decreti attuativi del Piano programmatico per la scuola previsto [&hellip;]</p>
