{"id":465,"date":"2009-04-16T21:09:15","date_gmt":"2009-04-16T20:09:15","guid":{"rendered":"http:\/\/www.azionecattolica.it\/net\/iopartecipo\/?page_id=465"},"modified":"2009-04-23T11:53:48","modified_gmt":"2009-04-23T10:53:48","slug":"gli-ospiti","status":"publish","type":"page","link":"https:\/\/iopartecipo.azionecattolica.it\/?page_id=465","title":{"rendered":"Gli ospiti"},"content":{"rendered":"<p><!--[if gte mso 9]><xml> <w:WordDocument> <w:View>Normal<\/w:View> <w:Zoom>0<\/w:Zoom> <w:HyphenationZone>14<\/w:HyphenationZone> <w:PunctuationKerning \/> <w:ValidateAgainstSchemas \/> <w:SaveIfXMLInvalid>false<\/w:SaveIfXMLInvalid> <w:IgnoreMixedContent>false<\/w:IgnoreMixedContent> <w:AlwaysShowPlaceholderText>false<\/w:AlwaysShowPlaceholderText> <w:Compatibility> <w:BreakWrappedTables \/> <w:SnapToGridInCell \/> <w:WrapTextWithPunct \/> <w:UseAsianBreakRules \/> <w:DontGrowAutofit \/> <\/w:Compatibility> <w:BrowserLevel>MicrosoftInternetExplorer4<\/w:BrowserLevel> <\/w:WordDocument> <\/xml><![endif]--><!--[if gte mso 9]><xml> <w:LatentStyles DefLockedState=\"false\" LatentStyleCount=\"156\"> <\/w:LatentStyles> <\/xml><![endif]--><\/p>\n<p><!--[endif]--><\/p>\n<h2><strong>DALLA PROTESTA ALLA PROPOSTA &#8211; Rosario Carello<\/strong><\/h2>\n<p style=\"text-align: justify;\"><img loading=\"lazy\" class=\"alignleft size-medium wp-image-134\" title=\"asuaimmagine2008-agi-pl-98361-carello-rosario4\" src=\"http:\/\/asuaimmagine.blog.rai.it\/files\/2009\/02\/asuaimmagine2008-agi-pl-98361-carello-rosario4-300x199.jpg\" alt=\"\" width=\"260\" height=\"177\" \/><span style=\"font-size: 11pt; font-family: Arial; color: #000000;\"><span style=\"font-size: 10pt; line-height: 115%; font-family: Verdana;\">\u00c8<span style=\"color: #000000;\"> nato a Catanzaro nel 1973. Giornalista, prima di condurre A<em> Sua Immagine<\/em>, dov\u2019\u00e8 anche autore, ha fatto parte della redazione giornalistica di <strong>SAT2000<\/strong>, lavorando al TG, ai programmi<span> <\/span>culturali, ai servizi religiosi e conducendo per un anno il talk quotidiano Formato Famiglia. Autore e conduttore radiofonico per oltre dieci anni, ha scritto editoriali per <strong>Avvenire<\/strong>, diretto per l\u2019Ave un dvd-reportage sull\u2019Azione Cattolica in Italia, collaborato con numerose riviste. Suoi testi sono usciti per la <strong>Carello Editore<\/strong> e un suo saggio \u201cLa cronaca e altri racconti\u201d \u00e8 stato pubblicato nel 2008 dalla <strong>San Paolo<\/strong>.E&#8217; stato collaboratore centrale della Presidenza Nazionale dell&#8217;Azione Cattolica Italiana.Bentornato Rosario!<\/span><\/span><\/span><\/p>\n<p style=\"text-align: justify;\">\n<p style=\"text-align: justify;\">\n<h2><strong><strong>CANTIERE ORGANI COLLEGIALI &#8211; Prof.ssa Patrizia Boretti<\/strong><\/strong><\/h2>\n<p><img loading=\"lazy\" class=\"alignleft\" src=\"http:\/\/dister.unical.it\/cuheco\/ministero.gif\" alt=\"\" width=\"224\" height=\"252\" \/><\/p>\n<p style=\"text-align: justify;\">Si chiama Patrizia Boretti ed \u00e8 nata a Roma il 3 agosto 1958. E&#8217; il tecnico ministeriale che si occuper\u00e0 del laboratorio sugli Organi Collegiali. Gia&#8217; docente di latino e greco al liceo scientifico statale &#8220;Democrito&#8221; di Roma, dal 2002 \u00e8 comandata presso la Direzione Generale per lo Studente del MIUR come docente esperto per lo svolgimento dei compiti connessi alla scuola dell&#8217;autonomia. Docente segretario del Forum Nazionale dei Genitori e del Forum della Associazioni studentesche maggiormente rappresentative presso il MIUR,\u00a0 consulente normativa dell&#8217;Associazione Nazionale Presidi, vicepresidente dell&#8217;associazione formazione professionale AIND (associazione &#8220;i nuovi docenti&#8221;), collabora con l&#8217;on. Aprea, presidente della VII commissione CULTURA della Camera, per tutta la durata della XVI legislatura.<\/p>\n<div style=\"padding: 0cm 0cm 1pt; border: medium medium 1.5pt none none solid -moz-use-text-color -moz-use-text-color windowtext;\">\n<p class=\"MsoNormal\" style=\"border: medium none; padding: 0cm; text-align: justify;\"><strong><span style=\"font-size: 10pt; font-family: Verdana;\"> <\/span><\/strong><\/p>\n<\/div>\n<h2><strong>CANTIERE DIDATTICA &#8211; Prof. Giuseppe Mingione<\/strong><\/h2>\n<p><img loading=\"lazy\" class=\"alignright\" src=\"http:\/\/www.math.unipr.it\/%7Emingione\/fotosla.jpg\" alt=\"\" width=\"287\" height=\"244\" \/><\/p>\n<p style=\"text-align: justify;\">Il cantiere didattica della Mo.CA 2009 sar\u00e0 tenuto da <strong>Giuseppe Mingione,<\/strong> membro della co mmissione ministeriale su \u201cCittadinanza e Costituzione\u201d, presieduta da Luciano Corradini.<\/p>\n<p style=\"text-align: justify;\">Gi\u00e0 prof. di scienze presso l\u2019I.T.G. \u201cC.Pavese\u201d di Caserta, Mingione, classe 1972, \u00e8 ora professore di analisi matematica presso l\u2019Universit\u00e0 di Parma.<\/p>\n<p style=\"text-align: justify;\">Fa parte dell\u2019associazione <a href=\"http:\/\/www.eipitalia.it\/chi_siamo.php\">EIP Italia<\/a>, ente riconosciuto a livello ministeriale per la formazione dei docenti della scuola secondaria (e non solo).<\/p>\n<p style=\"text-align: justify;\">Al cantiere della Mo.Ca ci parler\u00e0 di \u201cDidattica dei saperi: passare dai saperi ai contenuti alle competenze\u201d, prendendo ad esempio i saperi scientifici.<\/p>\n<p style=\"text-align: justify;\">Ringraziandolo per la disponibilit\u00e0 ad intervenire alla nostra Mo.Ca, non vediamo l\u2019ora di conoscerlo a Castellammare di Stabia!<\/p>\n<h2><strong>CANTIERE DIRITTO ALLO STUDIO &#8211; Max Bruschi<\/strong><img loading=\"lazy\" class=\"alignright\" src=\"http:\/\/farm3.static.flickr.com\/2397\/2225922010_bba0481ab7.jpg?v=0\" alt=\"\" width=\"367\" height=\"227\" \/><\/h2>\n<p style=\"text-align: justify;\">Nato a Milano, nel 1969 gi\u00e0 consigliere provinciale, \u00e8 attualmente consigliere politico del Ministro dell&#8217;Istruzione Maria Stella Gelmini. Bruschi, per la sua esperienza amministrativa in provincia e al ministero, \u00e8 stato reputato dal MIUR l&#8217;esperto pi\u00f9 adatto per discutere col MSAC dei progetti di legge quadro nazionale sul diritto allo studio. Una curiosit\u00e0: \u00e8 stato membro del consiglio d&#8217;istituto ai tempi del suo liceo linguistico Manzoni!<\/p>\n<p style=\"text-align: justify;\">\n<h2><strong>Question TIME &#8211; on. Letizia DE TORRE<\/strong><img loading=\"lazy\" class=\"alignright\" src=\"http:\/\/www.camera.it\/_dati\/leg16\/schedeDeputatiprototipo\/foto\/Scheda_big\/d302115.jpg\" alt=\"\" width=\"165\" height=\"228\" \/><\/h2>\n<p style=\"text-align: justify;\">Si chiama Letizia De Torre, vive a Trento, ed \u00e8 nata nel 1954. Laureata in matematica, l&#8217;ha insegnata per anni in un liceo scientifico di Trento perch\u00e9, come le ha scritto uno di loro, \u00e8 \u2018la chiave di tutto il mondo concreto\u2019 che cerchiamo di conoscere.<\/p>\n<p style=\"text-align: justify;\">Dopo l&#8217;esperienza amministrativa a trento, durata dodici anni a partire dal 1993,\u00a0 \u00e8 stata eletta deputato\u00a0 per\u00a0 la Margherita alle elezioni politiche del 2006. In quella legislatura, \u00e8 stato Sottosegretario al Ministero della Pubblica Istruzione guidato da Fioroni.<\/p>\n<p>Attualmente \u00e8 deputato del PD ed \u00e8 segretario della VII Commissione parlamentare CULTURA, SCIENZA ed ISTRUZIONE<\/p>\n<p style=\"text-align: justify;\"><!--[if gte mso 9]><xml> <w:WordDocument> <w:View>Normal<\/w:View> <w:Zoom>0<\/w:Zoom> <w:HyphenationZone>14<\/w:HyphenationZone> <w:PunctuationKerning \/> <w:ValidateAgainstSchemas \/> <w:SaveIfXMLInvalid>false<\/w:SaveIfXMLInvalid> <w:IgnoreMixedContent>false<\/w:IgnoreMixedContent> <w:AlwaysShowPlaceholderText>false<\/w:AlwaysShowPlaceholderText> <w:Compatibility> <w:BreakWrappedTables \/> <w:SnapToGridInCell \/> <w:WrapTextWithPunct \/> <w:UseAsianBreakRules \/> <w:DontGrowAutofit \/> <\/w:Compatibility> <w:BrowserLevel>MicrosoftInternetExplorer4<\/w:BrowserLevel> <\/w:WordDocument> <\/xml><![endif]--><!--[if gte mso 9]><xml> <w:LatentStyles DefLockedState=\"false\" LatentStyleCount=\"156\"> <\/w:LatentStyles> <\/xml><![endif]--> <!--[if gte mso 10]>\n<mce:style><!   \/* Style Definitions *\/  table.MsoNormalTable \t{mso-style-name:\"Tabella normale\"; \tmso-tstyle-rowband-size:0; \tmso-tstyle-colband-size:0; \tmso-style-noshow:yes; \tmso-style-parent:\"\"; \tmso-padding-alt:0cm 5.4pt 0cm 5.4pt; \tmso-para-margin:0cm; \tmso-para-margin-bottom:.0001pt; \tmso-pagination:widow-orphan; \tfont-size:10.0pt; \tfont-family:\"Times New Roman\"; \tmso-ansi-language:#0400; \tmso-fareast-language:#0400; \tmso-bidi-language:#0400;} --><\/p>\n<p><!--[endif]--><\/p>\n<div style=\"padding: 0cm 0cm 1pt; border: medium medium 1.5pt none none solid -moz-use-text-color -moz-use-text-color windowtext;\">\n<p class=\"MsoNormal\" style=\"border: medium none; padding: 0cm; text-align: justify;\"><strong><span style=\"font-size: 10pt; font-family: Verdana;\"> <\/span><\/strong><\/p>\n<\/div>\n<p style=\"text-align: justify;\">\n","protected":false},"excerpt":{"rendered":"<p>DALLA PROTESTA ALLA PROPOSTA &#8211; Rosario Carello \u00c8 nato a Catanzaro nel 1973. Giornalista, prima di condurre A Sua Immagine, dov\u2019\u00e8 anche autore, ha fatto parte della redazione giornalistica di SAT2000, lavorando al TG, ai programmi culturali, ai servizi religiosi e conducendo per un anno il talk quotidiano Formato Famiglia. Autore e conduttore radiofonico per [&hellip;]<\/p>\n","protected":false},"author":3,"featured_media":0,"parent":346,"menu_order":4,"comment_status":"open","ping_status":"open","template":"category-10.php","meta":[],"_links":{"self":[{"href":"https:\/\/iopartecipo.azionecattolica.it\/index.php?rest_route=\/wp\/v2\/pages\/465"}],"collection":[{"href":"https:\/\/iopartecipo.azionecattolica.it\/index.php?rest_route=\/wp\/v2\/pages"}],"about":[{"href":"https:\/\/iopartecipo.azionecattolica.it\/index.php?rest_route=\/wp\/v2\/types\/page"}],"author":[{"embeddable":true,"href":"https:\/\/iopartecipo.azionecattolica.it\/index.php?rest_route=\/wp\/v2\/users\/3"}],"replies":[{"embeddable":true,"href":"https:\/\/iopartecipo.azionecattolica.it\/index.php?rest_route=%2Fwp%2Fv2%2Fcomments&post=465"}],"version-history":[{"count":8,"href":"https:\/\/iopartecipo.azionecattolica.it\/index.php?rest_route=\/wp\/v2\/pages\/465\/revisions"}],"predecessor-version":[{"id":474,"href":"https:\/\/iopartecipo.azionecattolica.it\/index.php?rest_route=\/wp\/v2\/pages\/465\/revisions\/474"}],"up":[{"embeddable":true,"href":"https:\/\/iopartecipo.azionecattolica.it\/index.php?rest_route=\/wp\/v2\/pages\/346"}],"wp:attachment":[{"href":"https:\/\/iopartecipo.azionecattolica.it\/index.php?rest_route=%2Fwp%2Fv2%2Fmedia&parent=465"}],"curies":[{"name":"wp","href":"https:\/\/api.w.org\/{rel}","templated":true}]}}

<p><!--[if gte mso 9]><xml> <w:WordDocument> <w:View>Normal</w:View> <w:Zoom>0</w:Zoom> <w:HyphenationZone>14</w:HyphenationZone> <w:PunctuationKerning /> <w:ValidateAgainstSchemas /> <w:SaveIfXMLInvalid>false</w:SaveIfXMLInvalid> <w:IgnoreMixedContent>false</w:IgnoreMixedContent> <w:AlwaysShowPlaceholderText>false</w:AlwaysShowPlaceholderText> <w:Compatibility> <w:BreakWrappedTables /> <w:SnapToGridInCell /> <w:WrapTextWithPunct /> <w:UseAsianBreakRules /> <w:DontGrowAutofit /> </w:Compatibility> <w:BrowserLevel>MicrosoftInternetExplorer4</w:BrowserLevel> </w:WordDocument> </xml><![endif]--><!--[if gte mso 9]><xml> <w:LatentStyles DefLockedState="false" LatentStyleCount="156"> </w:LatentStyles> </xml><![endif]--></p>
<p><!--[endif]--></p>
<h2><strong>DALLA PROTESTA ALLA PROPOSTA &#8211; Rosario Carello</strong></h2>
<p style="text-align: justify;"><img loading="lazy" class="alignleft size-medium wp-image-134" title="asuaimmagine2008-agi-pl-98361-carello-rosario4" src="http://asuaimmagine.blog.rai.it/files/2009/02/asuaimmagine2008-agi-pl-98361-carello-rosario4-300x199.jpg" alt="" width="260" height="177" /><span style="font-size: 11pt; font-family: Arial; color: #000000;"><span style="font-size: 10pt; line-height: 115%; font-family: Verdana;">È<span style="color: #000000;"> nato a Catanzaro nel 1973. Giornalista, prima di condurre A<em> Sua Immagine</em>, dov’è anche autore, ha fatto parte della redazione giornalistica di <strong>SAT2000</strong>, lavorando al TG, ai programmi<span> </span>culturali, ai servizi religiosi e conducendo per un anno il talk quotidiano Formato Famiglia. Autore e conduttore radiofonico per oltre dieci anni, ha scritto editoriali per <strong>Avvenire</strong>, diretto per l’Ave un dvd-reportage sull’Azione Cattolica in Italia, collaborato con numerose riviste. Suoi testi sono usciti per la <strong>Carello Editore</strong> e un suo saggio “La cronaca e altri racconti” è stato pubblicato nel 2008 dalla <strong>San Paolo</strong>.E&#8217; stato collaboratore centrale della Presidenza Nazionale dell&#8217;Azione Cattolica Italiana.Bentornato Rosario!</span></span></span></p>
<p style="text-align: justify;">
<p style="text-align: justify;">
<h2><strong><strong>CANTIERE ORGANI COLLEGIALI &#8211; Prof.ssa Patrizia Boretti</strong></strong></h2>
<p><img loading="lazy" class="alignleft" src="http://dister.unical.it/cuheco/ministero.gif" alt="" width="224" height="252" /></p>
<p style="text-align: justify;">Si chiama Patrizia Boretti ed è nata a Roma il 3 agosto 1958. E&#8217; il tecnico ministeriale che si occuperà del laboratorio sugli Organi Collegiali. Gia&#8217; docente di latino e greco al liceo scientifico statale &#8220;Democrito&#8221; di Roma, dal 2002 è comandata presso la Direzione Generale per lo Studente del MIUR come docente esperto per lo svolgimento dei compiti connessi alla scuola dell&#8217;autonomia. Docente segretario del Forum Nazionale dei Genitori e del Forum della Associazioni studentesche maggiormente rappresentative presso il MIUR,  consulente normativa dell&#8217;Associazione Nazionale Presidi, vicepresidente dell&#8217;associazione formazione professionale AIND (associazione &#8220;i nuovi docenti&#8221;), collabora con l&#8217;on. Aprea, presidente della VII commissione CULTURA della Camera, per tutta la durata della XVI legislatura.</p>
<div style="padding: 0cm 0cm 1pt; border: medium medium 1.5pt none none solid -moz-use-text-color -moz-use-text-color windowtext;">
<p class="MsoNormal" style="border: medium none; padding: 0cm; text-align: justify;"><strong><span style="font-size: 10pt; font-family: Verdana;"> </span></strong></p>
</div>
<h2><strong>CANTIERE DIDATTICA &#8211; Prof. Giuseppe Mingione</strong></h2>
<p><img loading="lazy" class="alignright" src="http://www.math.unipr.it/%7Emingione/fotosla.jpg" alt="" width="287" height="244" /></p>
<p style="text-align: justify;">Il cantiere didattica della Mo.CA 2009 sarà tenuto da <strong>Giuseppe Mingione,</strong> membro della co mmissione ministeriale su “Cittadinanza e Costituzione”, presieduta da Luciano Corradini.</p>
<p style="text-align: justify;">Già prof. di scienze presso l’I.T.G. “C.Pavese” di Caserta, Mingione, classe 1972, è ora professore di analisi matematica presso l’Università di Parma.</p>
<p style="text-align: justify;">Fa parte dell’associazione <a href="http://www.eipitalia.it/chi_siamo.php">EIP Italia</a>, ente riconosciuto a livello ministeriale per la formazione dei docenti della scuola secondaria (e non solo).</p>
<p style="text-align: justify;">Al cantiere della Mo.Ca ci parlerà di “Didattica dei saperi: passare dai saperi ai contenuti alle competenze”, prendendo ad esempio i saperi scientifici.</p>
<p style="text-align: justify;">Ringraziandolo per la disponibilità ad intervenire alla nostra Mo.Ca, non vediamo l’ora di conoscerlo a Castellammare di Stabia!</p>
<h2><strong>CANTIERE DIRITTO ALLO STUDIO &#8211; Max Bruschi</strong><img loading="lazy" class="alignright" src="http://farm3.static.flickr.com/2397/2225922010_bba0481ab7.jpg?v=0" alt="" width="367" height="227" /></h2>
<p style="text-align: justify;">Nato a Milano, nel 1969 già consigliere provinciale, è attualmente consigliere politico del Ministro dell&#8217;Istruzione Maria Stella Gelmini. Bruschi, per la sua esperienza amministrativa in provincia e al ministero, è stato reputato dal MIUR l&#8217;esperto più adatto per discutere col MSAC dei progetti di legge quadro nazionale sul diritto allo studio. Una curiosità: è stato membro del consiglio d&#8217;istituto ai tempi del suo liceo linguistico Manzoni!</p>
<p style="text-align: justify;">
<h2><strong>Question TIME &#8211; on. Letizia DE TORRE</strong><img loading="lazy" class="alignright" src="http://www.camera.it/_dati/leg16/schedeDeputatiprototipo/foto/Scheda_big/d302115.jpg" alt="" width="165" height="228" /></h2>
<p style="text-align: justify;">Si chiama Letizia De Torre, vive a Trento, ed è nata nel 1954. Laureata in matematica, l&#8217;ha insegnata per anni in un liceo scientifico di Trento perché, come le ha scritto uno di loro, è ‘la chiave di tutto il mondo concreto’ che cerchiamo di conoscere.</p>
<p style="text-align: justify;">Dopo l&#8217;esperienza amministrativa a trento, durata dodici anni a partire dal 1993,  è stata eletta deputato  per  la Margherita alle elezioni politiche del 2006. In quella legislatura, è stato Sottosegretario al Ministero della Pubblica Istruzione guidato da Fioroni.</p>
<p>Attualmente è deputato del PD ed è segretario della VII Commissione parlamentare CULTURA, SCIENZA ed ISTRUZIONE</p>
<p style="text-align: justify;"><!--[if gte mso 9]><xml> <w:WordDocument> <w:View>Normal</w:View> <w:Zoom>0</w:Zoom> <w:HyphenationZone>14</w:HyphenationZone> <w:PunctuationKerning /> <w:ValidateAgainstSchemas /> <w:SaveIfXMLInvalid>false</w:SaveIfXMLInvalid> <w:IgnoreMixedContent>false</w:IgnoreMixedContent> <w:AlwaysShowPlaceholderText>false</w:AlwaysShowPlaceholderText> <w:Compatibility> <w:BreakWrappedTables /> <w:SnapToGridInCell /> <w:WrapTextWithPunct /> <w:UseAsianBreakRules /> <w:DontGrowAutofit /> </w:Compatibility> <w:BrowserLevel>MicrosoftInternetExplorer4</w:BrowserLevel> </w:WordDocument> </xml><![endif]--><!--[if gte mso 9]><xml> <w:LatentStyles DefLockedState="false" LatentStyleCount="156"> </w:LatentStyles> </xml><![endif]--> <!--[if gte mso 10]>
<mce:style><!   /* Style Definitions */  table.MsoNormalTable 	{mso-style-name:"Tabella normale"; 	mso-tstyle-rowband-size:0; 	mso-tstyle-colband-size:0; 	mso-style-noshow:yes; 	mso-style-parent:""; 	mso-padding-alt:0cm 5.4pt 0cm 5.4pt; 	mso-para-margin:0cm; 	mso-para-margin-bottom:.0001pt; 	mso-pagination:widow-orphan; 	font-size:10.0pt; 	font-family:"Times New Roman"; 	mso-ansi-language:#0400; 	mso-fareast-language:#0400; 	mso-bidi-language:#0400;} --></p>
<p><!--[endif]--></p>
<div style="padding: 0cm 0cm 1pt; border: medium medium 1.5pt none none solid -moz-use-text-color -moz-use-text-color windowtext;">
<p class="MsoNormal" style="border: medium none; padding: 0cm; text-align: justify;"><strong><span style="font-size: 10pt; font-family: Verdana;"> </span></strong></p>
</div>
<p style="text-align: justify;">

<p>DALLA PROTESTA ALLA PROPOSTA &#8211; Rosario Carello È nato a Catanzaro nel 1973. Giornalista, prima di condurre A Sua Immagine, dov’è anche autore, ha fatto parte della redazione giornalistica di SAT2000, lavorando al TG, ai programmi culturali, ai servizi religiosi e conducendo per un anno il talk quotidiano Formato Famiglia. Autore e conduttore radiofonico per [&hellip;]</p>
